{"id":6,"date":"2017-09-30T17:09:46","date_gmt":"2017-09-30T15:09:46","guid":{"rendered":"http:\/\/hausarzt-am-kurpark.de\/?page_id=6"},"modified":"2022-07-17T17:46:37","modified_gmt":"2022-07-17T15:46:37","slug":"leistungsspektrum","status":"publish","type":"page","link":"https:\/\/hausarzt-am-kurpark.de\/index.php\/leistungsspektrum\/","title":{"rendered":"Leistungen"},"content":{"rendered":"<h1>Leistungen<\/h1>\n<hr class=\"ttfmake-hr\" style=\"border-style: solid; border-top-width: 1px;\" \/>\n<h3>Leistungen der gesetzlichen Krankenversicherung:<\/h3>\n<ul>\n<li>Gesundheitsuntersuchung (gem\u00e4\u00df <a href=\"https:\/\/www.g-ba.de\/richtlinien\/10\/\">Gesundheitsuntersuchungs-Richtlinie<\/a> )<\/li>\n<li>Krebsvorsorgeuntersuchung beim Mann (gem\u00e4\u00df <a href=\"https:\/\/www.g-ba.de\/richtlinien\/17\/\">Krebsfr\u00fcherkennungsrichtlinie<\/a>)<\/li>\n<li>Hautkrebsscreening<\/li>\n<li>Bauchaortenscreening<\/li>\n<li>Schutzimpfungen<\/li>\n<li>Ultraschalluntersuchung von Schilddr\u00fcse, Bauch, Venen<\/li>\n<li>Ruhe-EKG, Belastungs-EKG und Langzeit-EKG<\/li>\n<li>Langzeit-Blutdruckmessung<\/li>\n<li>Lungenfunktionspr\u00fcfung (Spirometrie)<\/li>\n<li>DMP Diabetes mellitus Typ 2, COPD, Asthma und KHK (Koronare Herzkrankheit)<\/li>\n<li>Enddarmspiegelung (Proktoskopie) und nichtoperative Behandlung von Enddarmkrankheiten<\/li>\n<li>Kleinchirurgische Eingriffe<\/li>\n<li>Versorgung akuter und chronischer Wunden<\/li>\n<li>Laboruntersuchungen im Rahmen der Krankheitserkennung und -behandlung<\/li>\n<li>Psychosomatische Grundversorgung<\/li>\n<li>Hausbesuche<\/li>\n<\/ul>\n<h3 class=\"p1\">Privat- bzw. Selbstzahlerleistungen:<\/h3>\n<ul>\n<li>\u00c4rztliche Bescheinigungen<\/li>\n<li>erweiterte Gesundheitsuntersuchung<\/li>\n<li>Wunsch-Laboruntersuchungen (Vitamine, Spurenelemente etc.)<\/li>\n<li>Ultraschalluntersuchungen der Blutgef\u00e4\u00dfe<\/li>\n<li>Integrativmedizinische Behandlung,<br \/>\nn\u00e4heres hierzu und auch zu meiner Praxisphilosophie erfahren Sie <a href=\"https:\/\/hausarzt-am-kurpark.de\/index.php\/integrativmedizin\/\">hier<\/a><\/li>\n<li>Mind-Body-Medizin im Gruppen- oder Einzelsetting.<\/li>\n<li>Neuraltherapie<\/li>\n<li>Hypnose<\/li>\n<li>Blutegeltherapie<\/li>\n<li>Ausleitende Verfahren: Schr\u00f6pfen, Schr\u00f6pfmassage und Gua Sha, Aderlass<\/li>\n<li>Reiseimpfungen<\/li>\n<li>Tauchtauglichkeitsuntersuchungen (nach GT\u00dcM)<\/li>\n<\/ul>\n<p style=\"text-align: right;\"><small><span style=\"color: #999999;\"><em>Letzte Aktualisierung am: <span class=\"last-modified-timestamp\">Juli 17, 2022 @ 17 h 46 min<\/span><\/em><\/span><\/small><\/p>\n","protected":false},"excerpt":{"rendered":"<p>Leistungen Leistungen der gesetzlichen Krankenversicherung: Gesundheitsuntersuchung (gem\u00e4\u00df Gesundheitsuntersuchungs-Richtlinie ) Krebsvorsorgeuntersuchung beim Mann (gem\u00e4\u00df Krebsfr\u00fcherkennungsrichtlinie) Hautkrebsscreening Bauchaortenscreening Schutzimpfungen Ultraschalluntersuchung von Schilddr\u00fcse, Bauch, Venen Ruhe-EKG, Belastungs-EKG und Langzeit-EKG Langzeit-Blutdruckmessung Lungenfunktionspr\u00fcfung (Spirometrie) DMP Diabetes mellitus Typ 2, COPD, Asthma und KHK (Koronare Herzkrankheit) Enddarmspiegelung (Proktoskopie) und nichtoperative Behandlung von Enddarmkrankheiten Kleinchirurgische Eingriffe Versorgung akuter und chronischer Wunden Laboruntersuchungen &hellip;<\/p>\n","protected":false},"author":1,"featured_media":0,"parent":0,"menu_order":0,"comment_status":"closed","ping_status":"closed","template":"","meta":{"footnotes":""},"class_list":["post-6","page","type-page","status-publish","hentry"],"_links":{"self":[{"href":"https:\/\/hausarzt-am-kurpark.de\/index.php\/wp-json\/wp\/v2\/pages\/6"}],"collection":[{"href":"https:\/\/hausarzt-am-kurpark.de\/index.php\/wp-json\/wp\/v2\/pages"}],"about":[{"href":"https:\/\/hausarzt-am-kurpark.de\/index.php\/wp-json\/wp\/v2\/types\/page"}],"author":[{"embeddable":true,"href":"https:\/\/hausarzt-am-kurpark.de\/index.php\/wp-json\/wp\/v2\/users\/1"}],"replies":[{"embeddable":true,"href":"https:\/\/hausarzt-am-kurpark.de\/index.php\/wp-json\/wp\/v2\/comments?post=6"}],"version-history":[{"count":23,"href":"https:\/\/hausarzt-am-kurpark.de\/index.php\/wp-json\/wp\/v2\/pages\/6\/revisions"}],"predecessor-version":[{"id":1424,"href":"https:\/\/hausarzt-am-kurpark.de\/index.php\/wp-json\/wp\/v2\/pages\/6\/revisions\/1424"}],"wp:attachment":[{"href":"https:\/\/hausarzt-am-kurpark.de\/index.php\/wp-json\/wp\/v2\/media?parent=6"}],"curies":[{"name":"wp","href":"https:\/\/api.w.org\/{rel}","templated":true}]}}