{"id":1411,"date":"2022-07-17T17:37:10","date_gmt":"2022-07-17T15:37:10","guid":{"rendered":"https:\/\/hausarzt-am-kurpark.de\/?page_id=1411"},"modified":"2024-02-10T17:11:04","modified_gmt":"2024-02-10T16:11:04","slug":"naturheilverfahren","status":"publish","type":"page","link":"https:\/\/hausarzt-am-kurpark.de\/index.php\/naturheilverfahren\/","title":{"rendered":"Naturheilverfahren"},"content":{"rendered":"\n<h2 class=\"wp-block-heading\">Die &#8222;Gr\u00fcne Sprechstunde&#8220;<\/h2>\n\n\n\n<div class=\"wp-block-cover\" style=\"min-height:424px;aspect-ratio:unset;\"><span aria-hidden=\"true\" class=\"wp-block-cover__background has-background-dim\"><\/span><img loading=\"lazy\" decoding=\"async\" width=\"1024\" height=\"768\" class=\"wp-block-cover__image-background wp-image-1002\" alt=\"\" src=\"https:\/\/hausarzt-am-kurpark.de\/wp-content\/uploads\/2021\/08\/DSCN0224-1024x768.jpg\" data-object-fit=\"cover\" srcset=\"https:\/\/hausarzt-am-kurpark.de\/wp-content\/uploads\/2021\/08\/DSCN0224-1024x768.jpg 1024w, https:\/\/hausarzt-am-kurpark.de\/wp-content\/uploads\/2021\/08\/DSCN0224-300x225.jpg 300w, https:\/\/hausarzt-am-kurpark.de\/wp-content\/uploads\/2021\/08\/DSCN0224-768x576.jpg 768w, https:\/\/hausarzt-am-kurpark.de\/wp-content\/uploads\/2021\/08\/DSCN0224-1536x1152.jpg 1536w, https:\/\/hausarzt-am-kurpark.de\/wp-content\/uploads\/2021\/08\/DSCN0224-2048x1536.jpg 2048w\" sizes=\"(max-width: 1024px) 100vw, 1024px\" \/><div class=\"wp-block-cover__inner-container is-layout-flow wp-block-cover-is-layout-flow\">\n<p class=\"has-text-align-center has-large-font-size\">Integrative Therapie ohne Grenzen<\/p>\n<\/div><\/div>\n\n\n\n<h3 class=\"wp-block-heading\"><\/h3>\n\n\n\n<p><br>Wenn Sie sich eine medizinische Beratung und Therapie au\u00dferhalb der Beschr\u00e4nkungen der gesetzlichen oder Beihilfekassen w\u00fcnschen, ist diese Sprechstunde vielleicht das Richtige f\u00fcr Sie:<\/p>\n\n\n\n<ul class=\"wp-block-list\">\n<li>Ausreichend Zeit f\u00fcr Ihre Anliegen und Beschwerden (30-60 Minuten)\n<ul class=\"wp-block-list\">\n<li>bei unklaren Symptomen<\/li>\n\n\n\n<li>bei chronischen Erkrankungen wie Reizdarm, Schmerzen (Kopf, Gelenken, Wirbels\u00e4ule, Bauch&#8230;)<\/li>\n<\/ul>\n<\/li>\n\n\n\n<li>Diagnostikspektrum au\u00dferhalb der M\u00f6glichkeiten der gesetzlichen Kassen, z.B.\n<ul class=\"wp-block-list\">\n<li>Erweiterte Blut-, Serum- und Urindiagnostik (Spurenelemente, Vitamine, Neurotransmitter)<\/li>\n\n\n\n<li>Stuhlflora und -immunologieuntersuchungen<\/li>\n\n\n\n<li>Hormon- und Neurotransmitteruntersuchung im Speichel und Urin<\/li>\n\n\n\n<li>Analyse des vegetativen Nervensystems mittels Herzratenvariabilit\u00e4t (VNS-Analyse)<\/li>\n\n\n\n<li>Langzeit-EKG mit Herzratenvariabilit\u00e4tsanalyse (Funktion des vegetativen Nervensystems unter Echtzeitbedingungen)<\/li>\n<\/ul>\n<\/li>\n\n\n\n<li>Erweitertes Therapiespektrum\n<ul class=\"wp-block-list\">\n<li>Neuraltherapie (Segment- und St\u00f6rfeldbehandlung)<\/li>\n\n\n\n<li>Hypnose<\/li>\n\n\n\n<li>Mikrobiologische Therapie<\/li>\n\n\n\n<li>N\u00e4hrstofftherapie<\/li>\n\n\n\n<li>Ern\u00e4hrungsberatung<\/li>\n\n\n\n<li>Stressbew\u00e4ltigung, Ordnungstherapie<\/li>\n\n\n\n<li>Gesundheitscoaching<\/li>\n<\/ul>\n<\/li>\n<\/ul>\n\n\n\n<p>Die &#8222;Gr\u00fcne Sprechstunde&#8220; ist eine <em>Selbstzahlersprechstunde<\/em>. Alle hier erbrachten Leistungen sind nicht mit der gesetzlichen Krankenversicherung abrechenbar. Das gilt auch f\u00fcr die hier veranlassten Laboruntersuchungen, die Ihnen von den Laboren in Rechnung gestellt werden. Da in der &#8222;Gr\u00fcnen Sprechstunde&#8220; Leistungen der komplement\u00e4ren Medizin erbracht werden, kann auch die Erstattung durch die privaten Krankenkassen oder die Beihilfestellen nicht garantiert werden. Im Zweifel kl\u00e4ren Sie dies bitte vor Vereinbarung eines Termins.<\/p>\n\n\n\n<h3 class=\"wp-block-heading\">Vorgehensweise zur Terminvereinbarung:<\/h3>\n\n\n\n<p>Bitte fragen Sie einen Termin telefonisch oder besser per Email (<a href=\"mailto:praxis@hausarzt-am-kurpark.de\">praxis@hausarzt-am-kurpark.de<\/a>) an. Geben Sie dabei bitte auch die gew\u00fcnschte Dauer des Termins an (30 oder 60 min). Wegen erh\u00f6hter Nachfrage auch der kassen\u00e4rztlichen Sprechstunde kann es einige Tage dauern, bis Sie eine Antwort bekommen. Meine Mitarbeiterinnen schicken Ihnen einen Anamnesebogen sowie eine Wahlleistungsvereinbarung mit Preisliste mit den voraussichtlichen Kosten verschiedener Wahlleistungen und Laboruntersuchungen zu (Beides k\u00f6nnen Sie auch schon vorab herunterladen, siehe unten). Alle Dokumente schicken Sie bitte ausgef\u00fcllt und unterschrieben &#8211; am besten per Mail &#8211; an uns zur\u00fcck. Meine Mitarbeiterinnen vereinbaren dann telefonisch mit Ihnen einen Termin. Bitte haben Sie Verst\u00e4ndnis daf\u00fcr, dass ein nicht mindestens 72 Stunden vorher abgesagter Termin in Rechnung gestellt wird.<\/p>\n\n\n\n<p><\/p>\n\n\n\n<p><a href=\"https:\/\/hausarzt-am-kurpark.de\/wp-content\/uploads\/2024\/02\/Anamnesebogen_2024.pdf\">Anamnesebogen 2024<\/a><\/p>\n\n\n\n<p><a href=\"https:\/\/hausarzt-am-kurpark.de\/wp-content\/uploads\/2024\/02\/Wahlleistung_Gruene_Sprechstunde_2024.pdf\">Wahlleistungsvereinbarung Gr\u00fcne Sprechstunde 2024<\/a><\/p>\n","protected":false},"excerpt":{"rendered":"<p>Die &#8222;Gr\u00fcne Sprechstunde&#8220; Wenn Sie sich eine medizinische Beratung und Therapie au\u00dferhalb der Beschr\u00e4nkungen der gesetzlichen oder Beihilfekassen w\u00fcnschen, ist diese Sprechstunde vielleicht das Richtige f\u00fcr Sie: Die &#8222;Gr\u00fcne Sprechstunde&#8220; ist eine Selbstzahlersprechstunde. Alle hier erbrachten Leistungen sind nicht mit der gesetzlichen Krankenversicherung abrechenbar. Das gilt auch f\u00fcr die hier veranlassten Laboruntersuchungen, die Ihnen von &hellip;<\/p>\n","protected":false},"author":1,"featured_media":0,"parent":0,"menu_order":0,"comment_status":"closed","ping_status":"closed","template":"","meta":{"footnotes":""},"class_list":["post-1411","page","type-page","status-publish","hentry"],"_links":{"self":[{"href":"https:\/\/hausarzt-am-kurpark.de\/index.php\/wp-json\/wp\/v2\/pages\/1411"}],"collection":[{"href":"https:\/\/hausarzt-am-kurpark.de\/index.php\/wp-json\/wp\/v2\/pages"}],"about":[{"href":"https:\/\/hausarzt-am-kurpark.de\/index.php\/wp-json\/wp\/v2\/types\/page"}],"author":[{"embeddable":true,"href":"https:\/\/hausarzt-am-kurpark.de\/index.php\/wp-json\/wp\/v2\/users\/1"}],"replies":[{"embeddable":true,"href":"https:\/\/hausarzt-am-kurpark.de\/index.php\/wp-json\/wp\/v2\/comments?post=1411"}],"version-history":[{"count":23,"href":"https:\/\/hausarzt-am-kurpark.de\/index.php\/wp-json\/wp\/v2\/pages\/1411\/revisions"}],"predecessor-version":[{"id":2172,"href":"https:\/\/hausarzt-am-kurpark.de\/index.php\/wp-json\/wp\/v2\/pages\/1411\/revisions\/2172"}],"wp:attachment":[{"href":"https:\/\/hausarzt-am-kurpark.de\/index.php\/wp-json\/wp\/v2\/media?parent=1411"}],"curies":[{"name":"wp","href":"https:\/\/api.w.org\/{rel}","templated":true}]}}

<h2 class="wp-block-heading">Die &#8222;Grüne Sprechstunde&#8220;</h2>



<div class="wp-block-cover" style="min-height:424px;aspect-ratio:unset;"><span aria-hidden="true" class="wp-block-cover__background has-background-dim"></span><img loading="lazy" decoding="async" width="1024" height="768" class="wp-block-cover__image-background wp-image-1002" alt="" src="https://hausarzt-am-kurpark.de/wp-content/uploads/2021/08/DSCN0224-1024x768.jpg" data-object-fit="cover" srcset="https://hausarzt-am-kurpark.de/wp-content/uploads/2021/08/DSCN0224-1024x768.jpg 1024w, https://hausarzt-am-kurpark.de/wp-content/uploads/2021/08/DSCN0224-300x225.jpg 300w, https://hausarzt-am-kurpark.de/wp-content/uploads/2021/08/DSCN0224-768x576.jpg 768w, https://hausarzt-am-kurpark.de/wp-content/uploads/2021/08/DSCN0224-1536x1152.jpg 1536w, https://hausarzt-am-kurpark.de/wp-content/uploads/2021/08/DSCN0224-2048x1536.jpg 2048w" sizes="(max-width: 1024px) 100vw, 1024px" /><div class="wp-block-cover__inner-container is-layout-flow wp-block-cover-is-layout-flow">
<p class="has-text-align-center has-large-font-size">Integrative Therapie ohne Grenzen</p>
</div></div>



<h3 class="wp-block-heading"></h3>



<p><br>Wenn Sie sich eine medizinische Beratung und Therapie außerhalb der Beschränkungen der gesetzlichen oder Beihilfekassen wünschen, ist diese Sprechstunde vielleicht das Richtige für Sie:</p>



<ul class="wp-block-list">
<li>Ausreichend Zeit für Ihre Anliegen und Beschwerden (30-60 Minuten)
<ul class="wp-block-list">
<li>bei unklaren Symptomen</li>



<li>bei chronischen Erkrankungen wie Reizdarm, Schmerzen (Kopf, Gelenken, Wirbelsäule, Bauch&#8230;)</li>
</ul>
</li>



<li>Diagnostikspektrum außerhalb der Möglichkeiten der gesetzlichen Kassen, z.B.
<ul class="wp-block-list">
<li>Erweiterte Blut-, Serum- und Urindiagnostik (Spurenelemente, Vitamine, Neurotransmitter)</li>



<li>Stuhlflora und -immunologieuntersuchungen</li>



<li>Hormon- und Neurotransmitteruntersuchung im Speichel und Urin</li>



<li>Analyse des vegetativen Nervensystems mittels Herzratenvariabilität (VNS-Analyse)</li>



<li>Langzeit-EKG mit Herzratenvariabilitätsanalyse (Funktion des vegetativen Nervensystems unter Echtzeitbedingungen)</li>
</ul>
</li>



<li>Erweitertes Therapiespektrum
<ul class="wp-block-list">
<li>Neuraltherapie (Segment- und Störfeldbehandlung)</li>



<li>Hypnose</li>



<li>Mikrobiologische Therapie</li>



<li>Nährstofftherapie</li>



<li>Ernährungsberatung</li>



<li>Stressbewältigung, Ordnungstherapie</li>



<li>Gesundheitscoaching</li>
</ul>
</li>
</ul>



<p>Die &#8222;Grüne Sprechstunde&#8220; ist eine <em>Selbstzahlersprechstunde</em>. Alle hier erbrachten Leistungen sind nicht mit der gesetzlichen Krankenversicherung abrechenbar. Das gilt auch für die hier veranlassten Laboruntersuchungen, die Ihnen von den Laboren in Rechnung gestellt werden. Da in der &#8222;Grünen Sprechstunde&#8220; Leistungen der komplementären Medizin erbracht werden, kann auch die Erstattung durch die privaten Krankenkassen oder die Beihilfestellen nicht garantiert werden. Im Zweifel klären Sie dies bitte vor Vereinbarung eines Termins.</p>



<h3 class="wp-block-heading">Vorgehensweise zur Terminvereinbarung:</h3>



<p>Bitte fragen Sie einen Termin telefonisch oder besser per Email (<a href="mailto:praxis@hausarzt-am-kurpark.de">praxis@hausarzt-am-kurpark.de</a>) an. Geben Sie dabei bitte auch die gewünschte Dauer des Termins an (30 oder 60 min). Wegen erhöhter Nachfrage auch der kassenärztlichen Sprechstunde kann es einige Tage dauern, bis Sie eine Antwort bekommen. Meine Mitarbeiterinnen schicken Ihnen einen Anamnesebogen sowie eine Wahlleistungsvereinbarung mit Preisliste mit den voraussichtlichen Kosten verschiedener Wahlleistungen und Laboruntersuchungen zu (Beides können Sie auch schon vorab herunterladen, siehe unten). Alle Dokumente schicken Sie bitte ausgefüllt und unterschrieben &#8211; am besten per Mail &#8211; an uns zurück. Meine Mitarbeiterinnen vereinbaren dann telefonisch mit Ihnen einen Termin. Bitte haben Sie Verständnis dafür, dass ein nicht mindestens 72 Stunden vorher abgesagter Termin in Rechnung gestellt wird.</p>



<p></p>



<p><a href="https://hausarzt-am-kurpark.de/wp-content/uploads/2024/02/Anamnesebogen_2024.pdf">Anamnesebogen 2024</a></p>



<p><a href="https://hausarzt-am-kurpark.de/wp-content/uploads/2024/02/Wahlleistung_Gruene_Sprechstunde_2024.pdf">Wahlleistungsvereinbarung Grüne Sprechstunde 2024</a></p>

<p>Die &#8222;Grüne Sprechstunde&#8220; Wenn Sie sich eine medizinische Beratung und Therapie außerhalb der Beschränkungen der gesetzlichen oder Beihilfekassen wünschen, ist diese Sprechstunde vielleicht das Richtige für Sie: Die &#8222;Grüne Sprechstunde&#8220; ist eine Selbstzahlersprechstunde. Alle hier erbrachten Leistungen sind nicht mit der gesetzlichen Krankenversicherung abrechenbar. Das gilt auch für die hier veranlassten Laboruntersuchungen, die Ihnen von &hellip;</p>
