{"id":1242,"date":"2022-01-22T16:17:20","date_gmt":"2022-01-22T15:17:20","guid":{"rendered":"https:\/\/hausarzt-am-kurpark.de\/?page_id=1242"},"modified":"2026-01-08T18:49:22","modified_gmt":"2026-01-08T17:49:22","slug":"slow-jogging","status":"publish","type":"page","link":"https:\/\/hausarzt-am-kurpark.de\/index.php\/naturheilverfahren\/slow-jogging\/","title":{"rendered":"Slow Jogging"},"content":{"rendered":"\n<p>Slow Jogging repr\u00e4sentiert den Bewegungsaspekt unserer auf Gesundheitsf\u00f6rderung ausgerichteten Praxis. Wir bieten regelm\u00e4\u00dfig Einf\u00fchrungen in diesen Laufstil sowie zwischen M\u00e4rz und Oktober jeden Jahres Laufkurse an.<\/p>\n\n\n\n<p>Der n\u00e4chste <strong>Slowjogging-Kurs <\/strong>mit acht Terminen findet ab dem <strong>8. April 2026<\/strong> statt<br>Alle Termine jeweils mittwochs von 17 &#8211; 18 Uhr. Treffpunkt ist der Springbrunnen im Kurpark.<\/p>\n\n\n\n<p>Teilnahmebeitrag: 100 Euro, nach schriftlicher Anmeldung an <a href=\"mailto:mbm@hausarzt-am-kurpark.de\">mbm@hausarzt-am-kurpark.de<\/a> bitte auf das Konto: IBAN DE46 3006 0601 0505 2540 94 \u00fcberweisen. Verwendungszweck: Name des Teilnehmers, Slow Jogging.<br>Eine Teilnahme ist erst nach Eingang des Teilnahmebeitrages m\u00f6glich, bei \u00dcberschreiten der maximalen Teilnehmerzahl entscheidet der Eingang der Zahlung auf dem Konto \u00fcber die Teilnahme!<\/p>\n\n\n\n<h1 class=\"wp-block-heading\">Slow Jogging <\/h1>\n\n\n\n<p><strong><a href=\"http:\/\/www.slowjogging.de\">Slow Jogging<\/a><\/strong>&nbsp;ist ein leichter, besonders die Gelenke schonender und gesunder Laufstil, der in Japan bereits viele begeisterte Anh\u00e4nger gefunden hat. Mit einem L\u00e4cheln auf den Lippen werden die vielen kleinen Schritte stets in einem Wohlf\u00fchltempo absolviert.<\/p>\n\n\n\n<p>Einf\u00fchrungen in das Slow Jogging finden zwischen M\u00e4rz und Oktober einmal monatlich, in der Regel am 1. Samstag im Monat, von 15 &#8211; 16 Uhr im Kurpark statt. Treffpunkt ist die Konzertmuschel am Wandelgang. Eine Anmeldung ist nicht erforderlich, die Teilnahmegeb\u00fchr betr\u00e4gt 15 Euro.<br><\/p>\n\n\n\n<p>Aktuelle Termine finden Sie auf der Startseite.<\/p>\n\n\n\n<div class=\"wp-block-media-text alignwide is-stacked-on-mobile\"><figure class=\"wp-block-media-text__media\"><img loading=\"lazy\" decoding=\"async\" width=\"1024\" height=\"1024\" src=\"https:\/\/hausarzt-am-kurpark.de\/wp-content\/uploads\/2022\/09\/mime-attachment-1-1024x1024.jpg\" alt=\"\" class=\"wp-image-1587 size-full\" srcset=\"https:\/\/hausarzt-am-kurpark.de\/wp-content\/uploads\/2022\/09\/mime-attachment-1-1024x1024.jpg 1024w, https:\/\/hausarzt-am-kurpark.de\/wp-content\/uploads\/2022\/09\/mime-attachment-1-300x300.jpg 300w, https:\/\/hausarzt-am-kurpark.de\/wp-content\/uploads\/2022\/09\/mime-attachment-1-150x150.jpg 150w, https:\/\/hausarzt-am-kurpark.de\/wp-content\/uploads\/2022\/09\/mime-attachment-1-768x768.jpg 768w, https:\/\/hausarzt-am-kurpark.de\/wp-content\/uploads\/2022\/09\/mime-attachment-1-1536x1536.jpg 1536w, https:\/\/hausarzt-am-kurpark.de\/wp-content\/uploads\/2022\/09\/mime-attachment-1-2048x2048.jpg 2048w\" sizes=\"(max-width: 1024px) 100vw, 1024px\" \/><\/figure><div class=\"wp-block-media-text__content\">\n<p>Slow Jogging eignet sich f\u00fcr alle, die gehen k\u00f6nnen \u2013 besonders f\u00fcr diejenigen, die eine Abneigung gegen schnelles Laufen oder Joggen haben. Slow Jogging eignet sich um \u00dcbergewicht zu verlieren, der Blutdruck l\u00e4sst sich nachweislich senken, ebenso k\u00f6nnen die Blut-Cholesterinwerte verbessert werden und man bleibt geistig fitter.<\/p>\n<\/div><\/div>\n\n\n\n<h2 class=\"wp-block-heading\">Mit einem L\u00e4cheln fit durch das Jahr<\/h2>\n\n\n\n<p>Mehr zum Thema Slow Jogging finden Sie <a href=\"http:\/\/www.slowjogging.de\">hier.<\/a><\/p>\n\n\n\n<p><\/p>\n\n\n\n<p><strong>Ein individuelles Training ist auf Anfrage m\u00f6glich.<\/strong> Schreiben Sie uns gerne eine <a href=\"mailto:mbm@hausarzt-am-kurpark.de\">E-Mail<\/a> oder melden Sie sich per Telefon: 04131 43303.<\/p>\n\n\n\n<p><\/p>\n\n\n\n<h1 class=\"wp-block-heading\">Slow Jogging St\u00fctzpunkt L\u00fcneburger Heide <\/h1>\n\n\n\n<h2 class=\"wp-block-heading\">Ausbildung von Slow Jogging TrainerInnen<\/h2>\n\n\n\n<p>In L\u00fcneburg befindet sich der momentan n\u00f6rdlichste Slow Jogging St\u00fctzpunkt Deutschlands. Mit Unterst\u00fctzung des Deutschen Wellnessverbandes bilden wir seit 2022 auch Slow Jogging Trainer\/innen aus. <\/p>\n\n\n\n<p>Ab 2026 werden an unserem Slow Jogging St\u00fctzpunkt wieder TrainerInnen ausgebildet.<br>Termine:<br>Samstag\/Sonntag 21.\/22. M\u00e4rz 2026 und<br>Samstag\/Sonntag 26.\/27. September 2026.<\/p>\n\n\n\n<p>N\u00e4here Informationen und Anmeldung beim <a href=\"http:\/\/www.slowjogging.de\">Deutschen Wellness Verband<\/a> bzw. <a href=\"https:\/\/www.slowjogging.de\/l%C3%BCneburger-heide\">hier<\/a>.<\/p>\n\n\n\n<figure class=\"wp-block-video\"><video src=\"https:\/\/hausarzt-am-kurpark.de\/wp-content\/uploads\/2024\/02\/Slow-Jogging-Wartezimmer-TV.mp4\"><\/video><\/figure>\n\n\n\n<p><\/p>\n\n\n\n<p><\/p>\n\n\n\n<p><\/p>\n\n\n\n<p><\/p>\n\n\n\n<p><\/p>\n\n\n\n<p><\/p>\n\n\n\n<p><\/p>\n\n\n\n<p><\/p>\n\n\n\n<p><\/p>\n\n\n\n<p><\/p>\n\n\n\n<p><\/p>\n\n\n\n<p><\/p>\n","protected":false},"excerpt":{"rendered":"<p>Slow Jogging repr\u00e4sentiert den Bewegungsaspekt unserer auf Gesundheitsf\u00f6rderung ausgerichteten Praxis. Wir bieten regelm\u00e4\u00dfig Einf\u00fchrungen in diesen Laufstil sowie zwischen M\u00e4rz und Oktober jeden Jahres Laufkurse an. Der n\u00e4chste Slowjogging-Kurs mit acht Terminen findet ab dem 8. April 2026 stattAlle Termine jeweils mittwochs von 17 &#8211; 18 Uhr. Treffpunkt ist der Springbrunnen im Kurpark. Teilnahmebeitrag: 100 &hellip;<\/p>\n","protected":false},"author":1,"featured_media":0,"parent":1411,"menu_order":0,"comment_status":"closed","ping_status":"closed","template":"","meta":{"footnotes":""},"class_list":["post-1242","page","type-page","status-publish","hentry"],"_links":{"self":[{"href":"https:\/\/hausarzt-am-kurpark.de\/index.php\/wp-json\/wp\/v2\/pages\/1242"}],"collection":[{"href":"https:\/\/hausarzt-am-kurpark.de\/index.php\/wp-json\/wp\/v2\/pages"}],"about":[{"href":"https:\/\/hausarzt-am-kurpark.de\/index.php\/wp-json\/wp\/v2\/types\/page"}],"author":[{"embeddable":true,"href":"https:\/\/hausarzt-am-kurpark.de\/index.php\/wp-json\/wp\/v2\/users\/1"}],"replies":[{"embeddable":true,"href":"https:\/\/hausarzt-am-kurpark.de\/index.php\/wp-json\/wp\/v2\/comments?post=1242"}],"version-history":[{"count":61,"href":"https:\/\/hausarzt-am-kurpark.de\/index.php\/wp-json\/wp\/v2\/pages\/1242\/revisions"}],"predecessor-version":[{"id":2710,"href":"https:\/\/hausarzt-am-kurpark.de\/index.php\/wp-json\/wp\/v2\/pages\/1242\/revisions\/2710"}],"up":[{"embeddable":true,"href":"https:\/\/hausarzt-am-kurpark.de\/index.php\/wp-json\/wp\/v2\/pages\/1411"}],"wp:attachment":[{"href":"https:\/\/hausarzt-am-kurpark.de\/index.php\/wp-json\/wp\/v2\/media?parent=1242"}],"curies":[{"name":"wp","href":"https:\/\/api.w.org\/{rel}","templated":true}]}}